1 + 33))) + -38?
-33
What is 4 + (2 - 24 - -5) + 16?
3
Calculate (-63 - 5) + (15 - (-27 + 30)) + 8.
-48
What is 163 - 2 - (20 + 73 - 43)?
111
Calculate (-22 - 0) + (-83 - -59) + 30 + 4 - -105.
93
What is -10 + -10 + 7 + (10 - (-65 - -5))?
57
What is (4 - (-2 - -6) - 4) + (85 - 33)?
48
Calculate (7 - (5 + 0)) + -23 + (-15 - -12).
-24
What is -52 + (58 - 36) - 0?
-30
What is -2 - (-7 - -9) - -97 - 7?
86
What is the value of -66 + (-44 - -41 - 3 - 26)?
-98
Calculate 1 + 8 + (4 + -1 - 7) - (-49 - -6).
48
What is the value of 19 - ((-29 - -60 - 59) + 139)?
-92
What is -2000 + 1973 - (9 + 1)?
-37
What is the value of (4 - (1 - -1)) + -1 - (213 - 165)?
-47
20 - 4 - (-208 + 200)
24
What is 0 - (36 - (38 - (30 + -19)) - (-1 - 19))?
-29
Evaluate 19 - (-2 - (44 + -26 - 36)).
3
(-14 - (-4 - 30)) + -31 - -12
1
Evaluate -11 + (5 + -9 - 2 - -23) - (-1 - -5).
2
Calculate -1 - (9 + -43 + -13).
46
-14 - (15 + (-8 - 16)) - -13 - 13
-5
What is (-2 - (-51 - -29) - -35) + 17?
72
Evaluate 98 - (54 + (22 - -24)).
-2
Calculate 14 - (97 + -105 + (10 - 5 - 31)).
48
What is the value of -10 - (9 + (-12 + 5 - 0))?
-12
Calculate -58 + (-15 - -58) + -36.
-51
What is -338 - -317 - (0 - 1) - 10?
-30
What is the value of 1 + 7 + (-47 - (-1 + (-18 - -15))) + -7?
-42
What is the value of -33 + (9 + 28 + -36 - -25)?
-7
What is the value of (2540 - 2510) + (0 + 4 - 13)?
21
-7 + -8 + 13 + -33 + -26
-61
Evaluate 567 + -565 + (1 + 27 - 0) - 8.
22
What is the value of -3 + (-5 + (3 + 84 - -7) - 10 - 2)?
74
Evaluate -119 + 131 + (2 - 6) + -12 + -28.
-32
Calculate 50 + (38 - (40 + 57)).
-9
(12 + (-29 - -50) - 111) + -33
-111
Evaluate -19 + (25 - (-22 - -5)).
23
Evaluate (-11 - (-23 + 15)) + 44 + -4.
37
What is 20 + -11 + -2 + 6 + (-7 - 1)?
5
Calculate (41 - ((14 - 39) + 9)) + (13 - 1) - -12.
81
What is -12 - 51 - (-159 - -90)?
6
What is -8 + (30 - (-10 - -40) - 108)?
-116
Calculate -7 - (-14 + -2 + (-41 - -29 - -60)).
-39
What is 10 - (100 + (22 - -2) + -46)?
-68
Calculate -10 - ((-1 - -54) + (1138 - 1124)).
-77
Evaluate 12 + 6 + -12 + (-1 - -12 - -10).
27
-24 + 19 + (-6 - -10)
-1
12 + (-18 - -43 - 21) - -26
42
What is the value of (-75 - -87) + -28 + 1 - (7 + 4 - 1)?
-25
What is (-1 - 7) + (12 - 24 - -29)?
9
(4 - 10) + 6 + 76 - (1637 + -1637)
76
What is the value of 3 + 24 + -255 + 77 + 50?
-101
What is 1 - (165 + -150 + (-23 - 2))?
11
What is the value of -34 + 21 + (-23 - (-27 + 4 + 14))?
-27
What is 120 + -14 + -63 - (26 - 0)?
17
6 + (-6 - 11) - (118 + -156) - (1 + -11)
37
Evaluate -73 - (61 - (31 + 120)).
17
Calculate -2 + (-106 - 1) + -210 + 216 + -2.
-105
140 - 199 - (-6 - (14 - 1))
-40
Evaluate 679 - 684 - (1 + -22).
16
Evaluate 12 + 0 + -1572 + 1624.
64
What is the value of (2 - 2) + 13 + -44 + 25 + -3?
-9
(3 + -3 - -3 - -61) + (10 - (-1 - -13))
62
Calculate (-1 - (8 + -8)) + 0 + -8.
-9
What is the value of 682 + -637 - (1 - (6 - 11))?
39
What is -51 + 119 - 47 - 17?
4
Evaluate -3072 + 3055 - ((3 - (5 - 1)) + -57).
41
Evaluate -81 - (1 + (29 - (-13 - -33))).
-91
Evaluate -2 + -33 + (54 - 40 - 66).
-87
What is -4 - ((0 + -8 - 11) + 3) - 20 - 28?
-36
What is -49 - ((5 - -28) + -50)?
-32
Calculate -14 - -2 - (-59 + 41 + 73).
-67
What is the value of 92 + -48 - (-3 - -59)?
-12
-35 + 17 + -3 + (18 + -9 - 4)
-16
-51 + 1 - (-5164 + 5122)
-8
What is the value of -2 - -2 - 22 - (2384 - 2437)?
31
-51 + (-22 - (5 + -1))
-77
Evaluate -15 + 9 - (13 + -19 + (6 - 10) - -22).
-18
What is -90 + 174 + -64 + 5 + -15 + 2?
12
What is the value of 36 + -9 + -68 + 58?
17
What is the value of (-33 - 48) + 43 + 11?
-27
What is (-22 - -1) + -30 + -170 + 355?
134
11 - (-66 - -22 - -58)
-3
Calculate 886 + -945 - (5 + -105).
41
Calculate -3 + 0 + 25 + -20 - (-82 + 116).
-32
Evaluate -155 - (-140 + 74) - (-2 + -24).
-63
What is -3 + (-77 - 1) + (-19 - (40 + -24)) + 38?
-78
Evaluate -24 - (30 - 64 - (-1 - 11)).
-2
What is the value of -56 - (-52 - (77 - 29))?
44
(-12 - (-26 + -1)) + 1 + 4
20
Evaluate 5 + -55 + 5 + 43 + (2 - -1 - -1).
2
What is -9 + (-1 - (-42 - -10)) + -13 - (59 - 1)?
-49
Evaluate -1 - -9 - (11 - 14 - (98 + -46)).
63
Evaluate (1 - (13 - (-2 - -16 - 5))) + (-2 - -20).
15
What is the value of -8 + (23 - (26 + -6 - 24))?
19
What is the value of 25 - (-21 + 28) - (0 - -72)?
-54
Calculate 77 + (21 - (49 + (5 - 9))).
53
What is (1 - 35) + -456 + 475?
-15
27 + -2 + ((15 - 7) + -8 - -6)
31
What is -94 - -75 - (-20 - (3 + -4))?
0
Calculate 69 - (-3 - -1) - (-54 - (-159 - -108)).
74
What is the value of 12 - (15 - 0) - (8 - (5 + 5 + -5))?
-6
Calculate 21 - (36 - (32 - 85)).
-68
Calculate (-4 - (-4 + 0) - -5) + (-17 - -18) + -27.
-21
What is the value of -16 + 25 + -25 + 18 + -15?
-13
Calculate (-1 - 1) + 1 - ((-27 - -98) + -214).
142
Calculate (89 - 34) + -79 - -69.
45
Evaluate -148 - (85 - 67 - (30 + 19)).
-117
What is -7 - (-31 - -182 - 62 - (0 - -10))?
-86
11 + (17 - (-17 - -5)) - 6
34
What is (89 - (-4 - (2 - 5))) + 127 + -94 + -41?
82
-3 + 59 + (-21 - -27) + -9 + -10
43
What is the value of 1 - -19 - (-383 + 354) - -40?
89
-102 + 107 + (4 - (7 - 1 - 2) - -73)
78
2 + 31 + (99 - 133 - -51)
50
Evaluate (43 - 47 - -12) + -81 - -14.
-59
Calculate 37 + 0 + (5069 - 5067).
39
Calculate (-32 - (33 + 26)) + 34 + -53.
-110
Evaluate 22 + 19 + (-102 - -62).
1
What is the value of 82 - 108 - -39 - (-1 - -123)?
-109
What is (87 - (106 + 26)) + (0 - -17)?
-28
What is 28 - (-20 + 48 + -13)?
13
Evaluate -33 + -100 - -36 - 59.
-156
41 + (-51 + 47 - (-6 + 4 + 0 + -1))
40
-7 + 7 + -22 + 10 - (5 + -13 - 86)
82
What is 27 + (-8 - (17 + 13))?
-11
-12 + -20 + 5 + 12
-15
1 - (2 + 2 - 0) - (-3 - (-9 - 44))
-53
(0 - 44) + 19 + (-55 - -42)
-38
19 + 44 + -34 + 41 - ((-1 - -2) + -8)
77
Calculate -6 + 45 + (-17 - 0) - -11.
33
Calculate (-13 - -9) + (19 - 0 - (10 + -10 + 9)).
6
Evaluate -13 + -48 + (78 - 30).
-13
What is (-1 - 17) + 103 + (-13 - 64)?
8
-69 - 7 - (43 + -73)
-46
24 + (25 - (-7 + -16)) + -20
52
Calculate 11 + (-165 - (68 - 134)).
-88
What is 335 + -319 + -71 + -7?
-62
What is the value of 1 + -122 + 1462 + -1249?
92
What is the value of 26 - ((7 - 0) + (-499 - -491) - -13)?
14
Calculate -649 + 650 + 44 + -1 - (-3 + -6 + 3).
50
-151 + 147 - ((3 - -4) + 1) - (-54 - 7)
49
What is -1 - (-57 + -29) - -28 - 4?
109
Calculate -10 + -43 + -6 - (-205 - -209).
-63
Evaluate -1 + 6 + -15 - (7 - 49 - -18).
14
20 + -24 + (-19 - 11) + 13
-21
Evaluate (267 - 234) + 7 + -69.
-29
Calculate (-6 + 4 - -41) + -139 + -3 + -14 + 3.
-114
2 - (-10 + 22 + -34 + 17)
7
Evaluate (-256 - (-167 - -95)) + 103.
-81
Evaluate -45 + -7 + (-61 - -24) + 24.
-65
What is (-3 - -10) + (-50 - (-73 - -73))?
-43
(15 - 22) + (-8 - -7) + (12 - -1)
5
What is -21473 + 21469 - (-2 + 1 + 61)?
-64
Calculate 8 + -3 + (62 + -124 + 53 - (-1 - 54)).
51
Calculate (-5 - -1) + (1 - (-8 - (-26 + 6))) - -4.
-11
(28 - 2) + -44 + 47 + 19
48
What is -101 + -11 + (7 + -5 - -20 - 10)?
-100
Evaluate -214 - -223 - (-28 + -64).
101
What is the value of 0 - -20 - (-50 + 108 - 44)?
6
What is the value of 12 + (-1 - (2 + -9 + 18 + 76) - 15)?
-91
-2 - 23 - (0 - 0) - (-121 + (-66 - -196))
-34
13 + -56 + 40 + 10
7
What is (-17 - (-15 - (2 - 12))) + 12 + 3 + 20?
23
Calculate (4 - 36 - (212 + -180)) + 14.
-50
Evaluate (-5 + 42 - 5) + -37.
-5
(11 + -13 + -6 - 3) + -2 - 115 - -8
-120
What is -3 + -2 + (22 - 20) - (-14 + 9)?
2
Evaluate 0 + 2 - (4 + 5 + 2 + (110 - 133)).
14
Calculate -73 - (36 + -49 + -22).
-38
-14 + 12 + 13 - (-5 - (-5 - 1))
10
What is 48 + -2 - (-136 - -181)?
1
What is the value of -2 + -3 - (-5 - (46 - (-34 + 46)))?
34
What is (1 - 0) + (-13 + 6 - -8) - (387 - 373)?
-12
What is 7 - (-19 + 5 - (5 + -6 - 66))?
-46
What is -33 + (-30 + 39 - -55) + 18?
49
What is -54 + (7 + (13 - 7) - 2) - (-2 - -11)?
-52
Evaluate -9 + -5 + ((16 - 14) + -9 - -20).
-1
-8 - (-129 + -2 + 1 + (-17 - -29 - -2))
108
What is (-49 - -24) + -3 + 31?
3
What is the value of 32 - 22 - (-232 + 235 - (3 - -4 - 2))?
12
Evaluate 36 + (4 - 2) + (-158 - -65) + 99.
44
What is 1 - 1 - 4 - (119 + -15 + (-9 - 4))?
-95
-3 - -29 - (21 - (27 - (-20 - -4)))
48
3 + 44 + -8 + (3 - -10 - (19 - 6))
39
-69 - (-17 - (82 - 58))
-28
What is 5 + 0 + -71 + (-12 - -40 - 36)?
-74
24 - (-4 + 10 - -41)
-23
What is the value of -19 + (-21 - -4) - 7 - -15?
-28
Calculate (-7 - -7) + 8 + (37 - 121).
-76
Calculate 1 + 3 + -26 + -60 + 